65. Let w be t(-33). Calculate c(w).
22
Let f be ((-12)/(-30))/((-1)/((-60)/(-2))). Let y be (f/16 - -1)/((-3)/(-24)). Let b(c) = 11*c - y + 12*c + 4 - 12*c. Calculate b(-2).
-20
Let z = -124 + 142. Suppose 0 = -z*w + 25*w - 35. Let t(f) = f**2 - 6*f - 3. Determine t(w).
-8
Let f(n) = -9*n**2 - 622. Let u(q) = q**2 + 83. Let x(j) = 2*f(j) + 15*u(j). Let z(l) = l**2 + 5*l - 7. Suppose 24 = -5*g + g. Let i be z(g). Give x(i).
-2
Let c(d) = d**2 + 6*d - 12. Let g be c(-8). Let u(o) = 0 + g*o + 8 - 7 + 1. What is u(3)?
14
Let w(j) = -13 + 60*j - 227*j + 60*j + 49*j + 55*j. Determine w(-6).
5
Let o(a) = 5 - a**2 + 2*a**2 + 6*a**2 - a. Let l = 57 + -63. Let k(m) = -20*m**2 + 3*m - 14. Let j(v) = l*k(v) - 17*o(v). Determine j(-1).
1
Let r(f) be the second derivative of -2*f + 0 - 1/2*f**2 - 2/3*f**3. Suppose 15*n = 11*n - 20. What is r(n)?
19
Let x(z) = -6*z + 132. Let n = -6318 - -6339. Determine x(n).
6
Let w(j) be the first derivative of -22 + 11/2*j**2 + 0*j - 5/12*j**4 + 2/3*j**3. Let v(r) be the second derivative of w(r). What is v(3)?
-26
Let q be (-6 + (31 - 25))*(0 + 1). Let x(d) = d**3 + 8*d**2 + 3*d - 3. What is x(q)?
-3
Let f(m) be the first derivative of 129 - 1/3*m**3 - 2*m + 2*m**2. Determine f(4).
-2
Let b(a) = a**2 + a. Let t(q) be the third derivative of q**5/60 + q**4/12 - q**3 + 36*q**2. Let r(x) = -2*b(x) + t(x). Suppose 3*p = p. Give r(p).
-6
Let o be (562/4)/(10/20). Let b = o + -283. Let l(u) = 3*u**2 - u + 2. Determine l(b).
16
Let w(d) = -34*d + 43. Let q(b) = 172*b - 212. Let n(v) = -3*q(v) - 16*w(v). Determine n(2).
4
Let y be (4 + 16/(-3) + 2)*141. Let a(i) = y - 49 - 46 + i**2 - 3*i. Determine a(2).
-3
Suppose -5*y = 3*p + p - 17, 5*y + 39 = 3*p. Suppose 3*m = 2*m - 5*u + 31, p = -2*m + 4*u. Suppose 0*h = -m*h. Let x(j) = j**2 + j + 9. What is x(h)?
9
Let d(b) = -b**2 - 9*b + 9. Let f be -16 - (-21 + 18 + -7). Determine d(f).
27
Let n(j) be the first derivative of -j**3/3 - 4*j**2 + 13*j - 1565. Determine n(-10).
-7
Let w be 76/16 - (-3)/(-4). Let d be (9/12)/((-1)/w). Let y(q) = -2*q - 3. Calculate y(d).
3
Let z(k) = -13*k**2 - 7*k - 13. Let d(a) = -a**2 + 453*a - 454. Let c be d(1). Determine z(c).
-51
Let k(j) = -6 + 0*j - 22 - j + 28. Suppose 4 + 26 = -6*b. Let p(c) = -c**3 - 5*c**2 - c - 1. Let z be p(b). Determine k(z).
-4
Suppose -2*h - 14 = -2*p, -28 = -17*p + 13*p - 2*h. Let k(b) = -b**2 + b + 31. What is k(p)?
-11
Let z(p) = -5*p**3 + 7*p**2 + 9 - 8*p + 4*p**3 + 0*p**3. Let r = -309 - -363. Suppose 0 = 138*l - 129*l - r. Determine z(l).
-3
Let x(m) = -15 + 50 + 18 + 37 - 23*m + 4 + m**2. What is x(18)?
4
Let q(t) be the second derivative of -t**4/12 + 3*t**3/2 - 68*t**2 + 45*t. Let g(o) be the first derivative of q(o). Calculate g(4).
1
Let s be (-1 + (-2)/(-5))/((-1)/45). Suppose 11*z - 38 = -s. Let f(i) = -33*i + 2. Give f(z).
-31
Let g(s) = -32*s + 24 - s**3 - 1 - 5050*s**2 + 2543*s**2 + 2524*s**2 + 8. Calculate g(15).
1
Let a(s) be the second derivative of s**5/20 + s**4/4 - 7*s**3/6 - 5*s**2 - 574*s. Let p(j) = -2*j**2 - 3*j - 2. Let o be p(-2). Determine a(o).
2
Suppose -2*r + 478 - 504 = 4*y, 3*r = -3*y - 24. Let g(h) = -h**2 + 21*h + 60. Give g(r).
-12
Let l(x) = 2*x**2 + 1 - 2 + 19. Let c(w) = -w**2 - 8. Let u(r) = 9*c(r) + 4*l(r). Let f(i) = i**2 - 4*i - 7. Let m(o) = f(o) + 2*u(o). Determine m(-6).
-19
Let i(d) = -7*d**2 - 8*d**2 + 14*d**2 - d**3. Let m(g) be the second derivative of -g**5/2 + 5*g**4/12 + g**2/2 - 3*g. Let y(w) = -6*i(w) - m(w). Give y(-1).
-16
Let s(c) = 5*c**3 - 11*c**2 + 7*c + 28. Let p(o) = o**3 + 2*o + 7. Let y(q) = q**2. Let t(v) = -p(v) + 3*y(v). Let d(m) = 2*s(m) + 9*t(m). Determine d(-5).
13
Let u = -612 - -677. Let y(q) = -60*q + 1 - q**2 - u*q + 124*q. Calculate y(-2).
-1
Let d(w) = 7*w + 11. Let i(l) = 4*l + 5. Let u(g) = -3*d(g) + 5*i(g). Suppose -2*t + 0*m + 30 = -5*m, 0 = t + 4*m + 11. Suppose -t*z - 50 = -15. Calculate u(z).
-1
Let l(h) = 4*h**2 + h + 0 + h**2 + 1. Let p(x) = -3*x - 8. Let v(m) = -4*m - 34. Let t be v(-8). Let j be p(t). Give l(j).
19
Suppose -5*j - 24*l + 26*l + 13 = 0, j = -l + 4. Let o(s) = 6 + 0*s + 0*s - 3 - s. Determine o(j).
0
Let a(d) = 34*d - 95. Let n(y) = -9*y + 31. Let u(m) = -4*a(m) - 14*n(m). Give u(-5).
-4
Let x(i) = -i**2 - 1. Let m(n) = 5*n**2 + 5*n + 4. Let z(r) = m(r) + 4*x(r). Suppose 73*w - 63*w + 60 = 0. Calculate z(w).
6
Let n(a) be the third derivative of -a**5/30 + 13*a**4/24 - a**3 + 120*a**2. What is n(6)?
0
Let s = -5 - -12. Let v(t) = t + 170 - 119 - 245 + 174. Determine v(s).
-13
Let c(p) = 0*p + 950*p**2 - 947*p**2 - 6 + 23*p + 39*p. Determine c(-19).
-101
Let m(n) = -4 + 68 - 34 - 13*n + 0*n**3 - 11*n**2 - 7 + n**3 - 13. Let t(b) = -b**3 + 6*b**2 + 3*b - 6. Let c be t(6). Calculate m(c).
-2
Let m be 9/((-108)/(-40))*(-453)/(-302). Let i(l) be the second derivative of -l**5/20 + 7*l**4/12 - l**3/2 - 3*l**2 + l. Determine i(m).
29
Let o(c) = c + 5. Suppose 3*g + 3*z - 24 = -2*z, 0 = 4*g - 5*z + 3. Let q be (6 + -1 - 7)*21/(-2). Suppose g*a + q + 1 = 2*h, a + 3*h = 0. Calculate o(a).
-1
Let z(v) = -4*v - 2. Let m(y) = 7*y + 8. Let o(h) = 3*m(h) + 5*z(h). Let a be -1 + (-24)/(-30) - 49/5. Determine o(a).
4
Let c = -187 - -109. Let j = -82 - c. Let l(t) = 2*t - 2. Give l(j).
-10
Let l(m) = m**3 + 8*m**2 - m - 1. Suppose -354 + 74 = 35*g. Determine l(g).
7
Suppose 5*f - 4*n = 376 + 769, 4*f = -3*n + 916. Let o(g) = -g**2 + 0*g + 0*g - 4*g + f - 235. Let q(y) = -y**3 - 2*y**2 - 4. Let l be q(-2). Determine o(l).
-6
Let o(r) be the third derivative of -r**5/60 - r**4/6 + 2*r**3 + 1187*r**2. Give o(-8).
-20
Suppose -2*n - 92 = -316. Suppose 9*w + 19*w - n = 0. Let k(b) = -b**2. What is k(w)?
-16
Suppose -159*g = -57*g + 408. Let u(i) = i**3 + 6*i**2 + 10*i + 14. Calculate u(g).
6
Let m(h) = 621*h - h**2 - 1254*h + 31 + 632*h. Calculate m(7).
-25
Let r(k) = -14896 + 90*k + 14827 - 84*k. What is r(11)?
-3
Let w be 6/30 + 8/(-40) - -6. Let o(c) = 4*c**2 - 5*c - 19. Give o(w).
95
Let z(r) = -5*r**2 - 9*r - 6. Let x(u) = 4*u**2 + 9*u + 7. Let n(g) = 4*x(g) + 3*z(g). Let f = 220 + -227. What is n(f)?
-4
Let o(j) = -4*j**2 + 8. Let i(c) = 3*c**2 - 7. Let a(h) = 5*i(h) + 4*o(h). Let m be (-564)/7332 + 80/26. Calculate a(m).
-12
Let r(x) be the third derivative of 5*x**4/6 + 73*x**3/3 - 2*x**2 + 56*x - 8. Determine r(-8).
-14
Suppose -547 + 110 = -23*d. Suppose 36*z - 127 = -d. Let f(x) = -x + 1. Give f(z).
-2
Let j(i) = -i + 4. Let c be 1 - (3 + -8)/(-5). Suppose c = -4*v + 3*h + 5, 2*h - h - 10 = -v. Suppose -2*a + 43 - 11 = v*y, 4*a - 36 = -3*y. Determine j(a).
-2
Let t(m) = 12*m + 2. Suppose 4*u = -8, -3*w + u - 1184 - 149 = 0. Let h = -448 - w. Determine t(h).
-34
Suppose 4*c = q + 23, -3*c = -4*q - 5*c - 92. Let i = -20 - q. Suppose -7 - 8 = -i*d. Let a(k) = k - 3. What is a(d)?
2
Let x(g) be the first derivative of -g**4/4 - 3*g**3 - 9*g**2/2 + 2*g + 21869. Let z(q) = q**2 - 6*q + 3. Let p be z(6). Suppose 1 = p*h + 25. Calculate x(h).
10
Let a(p) = -8*p + 2. Let n(t) = t**3 - 58*t**2 + 553*t - 15. Let l be n(12). Calculate a(l).
26
Let l(v) be the second derivative of 0 - 3*v**2 - 213*v - 1/6*v**3. Give l(6).
-12
Let j(p) = -1491*p + 3013 + 1488*p - 3017 + p**2. Suppose 4*m - 19 = 3*g, -8 = 4*g - 2*m + m. What is j(g)?
0
Suppose 0 = 3*t - 4*i - 30, 0 = 5*t - 5*i - 45. Let r(m) = 2 + t + 18 + m - 6*m. Calculate r(6).
-4
Let h = -878 + 876. Let v(d) = d + 167*d**3 - 3*d - 168*d**3 - 5*d**2 - 1. Give v(h).
-9
Let c(x) = 3*x + 8. Let f(j) = 14 + 3*j + 13*j - 5 - 12*j. Let v(s) = 6*c(s) - 5*f(s). Let t(q) = -q**3 - 12*q**2 - 10*q + 16. Let d be t(-11). Calculate v(d).
-7
Let f = -2328 + 2331. Let h(z) = -14*z - 3. Give h(f).
-45
Let m(q) = -q**2 + 5*q + 6. Let u be (51/(-34))/((-3)/4). Suppose -59 = -3*o + 7*h - u*h, -68 = -4*o - 4*h. Let a = 24 - o. Calculate m(a).
0
Let c(n) = 12*n + 52. Let t be c(-4). Let h(f) = 4*f + 0 + 1 - 2*f - 3. Give h(t).
6
Let i(o) = 237*o - 5 - 70*o - 82*o - 81*o. Determine i(5).
15
Let r(x) be the first derivative of -3*x**6/20 + x**5/60 - x**3/6 + 83*x**2/2 + 2. Let d(o) be the second derivative of r(o). Calculate d(1).
-18
Let s(b) = -15 - 27*b**2 + 6*b + 14*b**2 + 7*b**2 + 5*b**2 - 15*b. Calculate s(-7).
-1
Let z(t) = 0*t + 42 - 36 + t. Let r be z(2). Let y(g) = -g + 6*g - 22*g**2 + 4*g + 21*g**2